{"id":399,"date":"2014-01-22T12:59:37","date_gmt":"2014-01-22T10:59:37","guid":{"rendered":"http:\/\/www.starschnitt.de\/wordpress\/?page_id=399"},"modified":"2018-05-16T14:06:36","modified_gmt":"2018-05-16T12:06:36","slug":"kontaktformular","status":"publish","type":"page","link":"https:\/\/www.starschnitt.de\/wordpress\/kontaktformular\/","title":{"rendered":"Kontaktformular"},"content":{"rendered":"<h2>Sie haben Lob, Kritik, Anregungen oder wollen sich bewerben?<\/h2>\n<p><img decoding=\"async\" loading=\"lazy\" class=\"alignleft size-thumbnail wp-image-415\" src=\"https:\/\/www.starschnitt.de\/wordpress\/wp-content\/uploads\/2014\/01\/iStock_000024408992Medium-150x150.jpg\" alt=\"Green contact button\" width=\"150\" height=\"150\" srcset=\"https:\/\/www.starschnitt.de\/wordpress\/wp-content\/uploads\/2014\/01\/iStock_000024408992Medium-150x150.jpg 150w, https:\/\/www.starschnitt.de\/wordpress\/wp-content\/uploads\/2014\/01\/iStock_000024408992Medium-300x300.jpg 300w, https:\/\/www.starschnitt.de\/wordpress\/wp-content\/uploads\/2014\/01\/iStock_000024408992Medium-1024x1024.jpg 1024w, https:\/\/www.starschnitt.de\/wordpress\/wp-content\/uploads\/2014\/01\/iStock_000024408992Medium-600x599.jpg 600w, https:\/\/www.starschnitt.de\/wordpress\/wp-content\/uploads\/2014\/01\/iStock_000024408992Medium.jpg 1386w\" sizes=\"(max-width: 150px) 100vw, 150px\" \/><\/p>\n<p>Wir sind sehr auf Ihr Feedback angewiesen, denn nur so k\u00f6nnen wir uns weiterentwickeln und stetig verbessern. Selbstverst\u00e4ndlich ist auch Ihr Lob jederzeit Willkommen.<\/p>\n<p>Des Weiteren suchen wir st\u00e4ndig gute, eigenst\u00e4ndig arbeitende Friseurinnen und Friseure bzw. Friseurmeisterinnen und Friseurmeister.<\/p>\n<p>Nutzen Sie f\u00fcr den ersten Kontakt unser Kontaktformular. Gerne werden wir uns Ihrer Nachricht annehmen und Ihnen schnellstens antworten. Hierzu ist es allerdings unerl\u00e4sslich, dass Sie uns Ihre Kontaktdaten zukommen lassen.<\/p>\n\n<div class=\"wpcf7 no-js\" id=\"wpcf7-f401-o1\" lang=\"de-DE\" dir=\"ltr\">\n<div class=\"screen-reader-response\"><p role=\"status\" aria-live=\"polite\" aria-atomic=\"true\"><\/p> <ul><\/ul><\/div>\n<form action=\"\/wordpress\/wp-json\/wp\/v2\/pages\/399#wpcf7-f401-o1\" method=\"post\" class=\"wpcf7-form init\" aria-label=\"Kontaktformular\" novalidate=\"novalidate\" data-status=\"init\">\n<div style=\"display: none;\">\n<input type=\"hidden\" name=\"_wpcf7\" value=\"401\" \/>\n<input type=\"hidden\" name=\"_wpcf7_version\" value=\"5.8.6\" \/>\n<input type=\"hidden\" name=\"_wpcf7_locale\" value=\"de_DE\" \/>\n<input type=\"hidden\" name=\"_wpcf7_unit_tag\" value=\"wpcf7-f401-o1\" \/>\n<input type=\"hidden\" name=\"_wpcf7_container_post\" value=\"0\" \/>\n<input type=\"hidden\" name=\"_wpcf7_posted_data_hash\" value=\"\" \/>\n<\/div>\n<p>Anrede:\n<\/p>\n<p><span class=\"wpcf7-form-control-wrap\" data-name=\"Anrede\"><select class=\"wpcf7-form-control wpcf7-select wpcf7-validates-as-required\" aria-required=\"true\" aria-invalid=\"false\" name=\"Anrede\"><option value=\"Frau\">Frau<\/option><option value=\"Herr\">Herr<\/option><\/select><\/span>\n<\/p>\n<p>Vorname:\n<\/p>\n<p><span class=\"wpcf7-form-control-wrap\" data-name=\"vorname\"><input size=\"40\" class=\"wpcf7-form-control wpcf7-text\" aria-invalid=\"false\" value=\"\" type=\"text\" name=\"vorname\" \/><\/span>\n<\/p>\n<p>Nachname (Pflichtfeld):\n<\/p>\n<p><span class=\"wpcf7-form-control-wrap\" data-name=\"nachname\"><input size=\"40\" class=\"wpcf7-form-control wpcf7-text\" aria-invalid=\"false\" value=\"\" type=\"text\" name=\"nachname\" \/><\/span>\n<\/p>\n<p>Strasse und Hausnummer:\n<\/p>\n<p><span class=\"wpcf7-form-control-wrap\" data-name=\"strasse\"><input size=\"40\" class=\"wpcf7-form-control wpcf7-text\" aria-invalid=\"false\" value=\"\" type=\"text\" name=\"strasse\" \/><\/span>\n<\/p>\n<p>Postleitzahl:\n<\/p>\n<p><span class=\"wpcf7-form-control-wrap\" data-name=\"PLZ\"><input size=\"40\" class=\"wpcf7-form-control wpcf7-text\" aria-invalid=\"false\" value=\"\" type=\"text\" name=\"PLZ\" \/><\/span>\n<\/p>\n<p>Ort (Pflichtfeld):\n<\/p>\n<p><span class=\"wpcf7-form-control-wrap\" data-name=\"Ort\"><input size=\"40\" class=\"wpcf7-form-control wpcf7-text\" aria-invalid=\"false\" value=\"\" type=\"text\" name=\"Ort\" \/><\/span>\n<\/p>\n<p>Ihre Telefonnummer:\n<\/p>\n<p><span class=\"wpcf7-form-control-wrap\" data-name=\"telefonnummer\"><input size=\"40\" class=\"wpcf7-form-control wpcf7-text\" aria-invalid=\"false\" value=\"\" type=\"text\" name=\"telefonnummer\" \/><\/span>\n<\/p>\n<p>Ihre E-Mail-Adresse (Pflichtfeld):\n<\/p>\n<p><span class=\"wpcf7-form-control-wrap\" data-name=\"your-email\"><input size=\"40\" class=\"wpcf7-form-control wpcf7-email wpcf7-validates-as-required wpcf7-text wpcf7-validates-as-email\" aria-required=\"true\" aria-invalid=\"false\" value=\"\" type=\"email\" name=\"your-email\" \/><\/span>\n<\/p>\n<p>Ihr Starschnitt Salon (Pflichtfeld)\n<\/p>\n<p><span class=\"wpcf7-form-control-wrap\" data-name=\"salon\"><select class=\"wpcf7-form-control wpcf7-select wpcf7-validates-as-required\" aria-required=\"true\" aria-invalid=\"false\" name=\"salon\"><option value=\"\"><\/option><option value=\"Aachen Boxgraben\">Aachen Boxgraben<\/option><option value=\"Aachen J\u00fclicher Strasse\">Aachen J\u00fclicher Strasse<\/option><option value=\"Bochum Gerthe\">Bochum Gerthe<\/option><option value=\"Bochum Wattenscheid\">Bochum Wattenscheid<\/option><option value=\"Dresden Gruna\">Dresden Gruna<\/option><option value=\"Dresden Leuben\">Dresden Leuben<\/option><option value=\"Dresden L\u00f6btau\">Dresden L\u00f6btau<\/option><option value=\"Dresden Striesen\">Dresden Striesen<\/option><option value=\"Essen Altenessen\">Essen Altenessen<\/option><option value=\"Essen Frohnhausen\">Essen Frohnhausen<\/option><option value=\"Essen Frintrop\">Essen Frintrop<\/option><option value=\"Essen Steele\">Essen Steele<\/option><option value=\"Essen R\u00fcttenscheid\">Essen R\u00fcttenscheid<\/option><option value=\"Essen Holsterhausen\">Essen Holsterhausen<\/option><option value=\"Frechen\">Frechen<\/option><option value=\"Heidenau\">Heidenau<\/option><option value=\"Herne Eickel\">Herne Eickel<\/option><option value=\"Herne Wanne\">Herne Wanne<\/option><option value=\"M\u00fclheim\">M\u00fclheim<\/option><option value=\"Oberhausen-Sterkrade\">Oberhausen-Sterkrade<\/option><option value=\"Pirna Rotwerndorferst\">Pirna Rotwerndorferst<\/option><option value=\"Pirna Dohnaischer Platz\">Pirna Dohnaischer Platz<\/option><option value=\"Pirna Stra\u00dfe der Jugend\">Pirna Stra\u00dfe der Jugend<\/option><option value=\"Pirna Hauptstr.\">Pirna Hauptstr.<\/option><option value=\"Pirna Am Markt\">Pirna Am Markt<\/option><\/select><\/span>\n<\/p>\n<p>Um Ihr Anliegen schnellstm\u00f6glich bearbeiten zu k\u00f6nnen teilen Sie uns bitte den Grund Ihrer Kontaktaufnahme mit:\n<\/p>\n<p><span class=\"wpcf7-form-control-wrap\" data-name=\"Anliegen\"><span class=\"wpcf7-form-control wpcf7-radio\"><span class=\"wpcf7-list-item first\"><input type=\"radio\" name=\"Anliegen\" value=\"Lob\" \/><span class=\"wpcf7-list-item-label\">Lob<\/span><\/span><span class=\"wpcf7-list-item\"><input type=\"radio\" name=\"Anliegen\" value=\"Kritik\" \/><span class=\"wpcf7-list-item-label\">Kritik<\/span><\/span><span class=\"wpcf7-list-item\"><input type=\"radio\" name=\"Anliegen\" value=\"Anfrage\" \/><span class=\"wpcf7-list-item-label\">Anfrage<\/span><\/span><span class=\"wpcf7-list-item\"><input type=\"radio\" name=\"Anliegen\" value=\"Anregung\" \/><span class=\"wpcf7-list-item-label\">Anregung<\/span><\/span><span class=\"wpcf7-list-item last\"><input type=\"radio\" name=\"Anliegen\" value=\"Bewerbung\" \/><span class=\"wpcf7-list-item-label\">Bewerbung<\/span><\/span><\/span><\/span>\n<\/p>\n<p>Betreff\n<\/p>\n<p><span class=\"wpcf7-form-control-wrap\" data-name=\"your-subject\"><input size=\"40\" class=\"wpcf7-form-control wpcf7-text\" aria-invalid=\"false\" value=\"\" type=\"text\" name=\"your-subject\" \/><\/span>\n<\/p>\n<p>Ihre Nachricht\n<\/p>\n<p><span class=\"wpcf7-form-control-wrap\" data-name=\"your-message\"><textarea cols=\"40\" rows=\"10\" class=\"wpcf7-form-control wpcf7-textarea\" aria-invalid=\"false\" name=\"your-message\"><\/textarea><\/span>\n<\/p>\n<p><input type=\"hidden\" name=\"_wpcf7_captcha_challenge_captcha\" value=\"198056218\" \/><img class=\"wpcf7-form-control wpcf7-captchac wpcf7-captcha-captcha\" width=\"72\" height=\"24\" alt=\"captcha\" src=\"https:\/\/www.starschnitt.de\/wordpress\/wp-content\/uploads\/wpcf7_captcha\/198056218.png\" \/><br \/>\nBitte den Code hier einf\u00fcgen:<br \/>\n<span class=\"wpcf7-form-control-wrap\" data-name=\"captcha\"><input size=\"40\" class=\"wpcf7-form-control wpcf7-captchar\" autocomplete=\"off\" aria-invalid=\"false\" value=\"\" type=\"text\" name=\"captcha\" \/><\/span>\n<\/p>\n<p><input class=\"wpcf7-form-control wpcf7-submit has-spinner\" type=\"submit\" value=\"Senden\" \/>\n<\/p><p style=\"display: none !important;\" class=\"akismet-fields-container\" data-prefix=\"_wpcf7_ak_\"><label>&#916;<textarea name=\"_wpcf7_ak_hp_textarea\" cols=\"45\" rows=\"8\" maxlength=\"100\"><\/textarea><\/label><input type=\"hidden\" id=\"ak_js_1\" name=\"_wpcf7_ak_js\" value=\"145\"\/><script>document.getElementById( \"ak_js_1\" ).setAttribute( \"value\", ( new Date() ).getTime() );<\/script><\/p><div class=\"wpcf7-response-output\" aria-hidden=\"true\"><\/div>\n<\/form>\n<\/div>\n\n","protected":false},"excerpt":{"rendered":"<p>Sie haben Lob, Kritik, Anregungen oder wollen sich bewerben? Wir sind sehr auf Ihr Feedback angewiesen, denn nur so k\u00f6nnen wir uns weiterentwickeln und stetig verbessern. Selbstverst\u00e4ndlich ist auch Ihr Lob jederzeit Willkommen. Des Weiteren suchen wir st\u00e4ndig gute, eigenst\u00e4ndig arbeitende Friseurinnen und Friseure bzw. Friseurmeisterinnen und Friseurmeister. Nutzen Sie f\u00fcr den ersten Kontakt unser Kontaktformular. Gerne werden wir uns Ihrer Nachricht annehmen und Ihnen schnellstens antworten. Hierzu ist es allerdings unerl\u00e4sslich, dass Sie uns Ihre Kontaktdaten zukommen lassen.<\/p>\n<a class=\"more-link\" rel=\"nofollow\" href=\"https:\/\/www.starschnitt.de\/wordpress\/kontaktformular\/\">[mehr...]<\/a>","protected":false},"author":2,"featured_media":0,"parent":0,"menu_order":0,"comment_status":"closed","ping_status":"closed","template":"","meta":[],"_links":{"self":[{"href":"https:\/\/www.starschnitt.de\/wordpress\/wp-json\/wp\/v2\/pages\/399"}],"collection":[{"href":"https:\/\/www.starschnitt.de\/wordpress\/wp-json\/wp\/v2\/pages"}],"about":[{"href":"https:\/\/www.starschnitt.de\/wordpress\/wp-json\/wp\/v2\/types\/page"}],"author":[{"embeddable":true,"href":"https:\/\/www.starschnitt.de\/wordpress\/wp-json\/wp\/v2\/users\/2"}],"replies":[{"embeddable":true,"href":"https:\/\/www.starschnitt.de\/wordpress\/wp-json\/wp\/v2\/comments?post=399"}],"version-history":[{"count":12,"href":"https:\/\/www.starschnitt.de\/wordpress\/wp-json\/wp\/v2\/pages\/399\/revisions"}],"predecessor-version":[{"id":1052,"href":"https:\/\/www.starschnitt.de\/wordpress\/wp-json\/wp\/v2\/pages\/399\/revisions\/1052"}],"wp:attachment":[{"href":"https:\/\/www.starschnitt.de\/wordpress\/wp-json\/wp\/v2\/media?parent=399"}],"curies":[{"name":"wp","href":"https:\/\/api.w.org\/{rel}","templated":true}]}}