{"id":127,"date":"2014-01-07T12:34:11","date_gmt":"2014-01-07T10:34:11","guid":{"rendered":"http:\/\/www.starschnitt.de\/wordpress\/?page_id=127"},"modified":"2024-01-24T12:49:12","modified_gmt":"2024-01-24T10:49:12","slug":"dresden-loebtau","status":"publish","type":"page","link":"https:\/\/www.starschnitt.de\/wordpress\/salons-ost\/dresden-loebtau\/","title":{"rendered":"Dresden L\u00f6btau"},"content":{"rendered":"<table style=\"width: 100%;\" border=\"0\" width=\"100%\" cellspacing=\"0\" cellpadding=\"0\">\n<tbody>\n<tr>\n<td style=\"width: 60.3571%;\"><a href=\"https:\/\/www.starschnitt.de\/wordpress\/wp-content\/uploads\/2024\/01\/Lobtau.jpg\"><img decoding=\"async\" loading=\"lazy\" class=\"wp-image-1242 alignleft\" src=\"https:\/\/www.starschnitt.de\/wordpress\/wp-content\/uploads\/2024\/01\/Lobtau-300x300.jpg\" alt=\"\" width=\"338\" height=\"338\" srcset=\"https:\/\/www.starschnitt.de\/wordpress\/wp-content\/uploads\/2024\/01\/Lobtau-300x300.jpg 300w, https:\/\/www.starschnitt.de\/wordpress\/wp-content\/uploads\/2024\/01\/Lobtau-1024x1024.jpg 1024w, https:\/\/www.starschnitt.de\/wordpress\/wp-content\/uploads\/2024\/01\/Lobtau-150x150.jpg 150w, https:\/\/www.starschnitt.de\/wordpress\/wp-content\/uploads\/2024\/01\/Lobtau-768x768.jpg 768w, https:\/\/www.starschnitt.de\/wordpress\/wp-content\/uploads\/2024\/01\/Lobtau-600x600.jpg 600w, https:\/\/www.starschnitt.de\/wordpress\/wp-content\/uploads\/2024\/01\/Lobtau.jpg 1080w\" sizes=\"(max-width: 338px) 100vw, 338px\" \/><\/a><\/td>\n<td style=\"width: 39.4048%;\">\n<h4 align=\"left\">Starschnitt DD L\u00f6btau<\/h4>\n<p align=\"left\">B\u00fcnaustra\u00dfe. 2<br \/>\n01159 Dresden<\/p>\n<p align=\"left\">Telefon: 0351 \/ 4224798<\/p>\n<h4 align=\"left\">\u00d6ffnungszeiten:<\/h4>\n<ul>\n<li>Montag: geschlossen<\/li>\n<li>Dienstag bis Freitag: 9:00-18:00 Uhr<\/li>\n<li>Samstag: 8:00-13:00 Uhr<\/li>\n<li>Sonntag: geschlossen<\/li>\n<\/ul>\n<\/td>\n<\/tr>\n<tr>\n<td style=\"width: 60.3571%;\"><iframe loading=\"lazy\" src=\"https:\/\/maps.google.de\/maps?f=q&amp;source=s_q&amp;hl=de&amp;geocode=&amp;q=B%C3%BCnaustra%C3%9Fe.+2+01159+Dresden&amp;aq=&amp;sll=51.011676,13.827742&amp;sspn=0.005596,0.016512&amp;ie=UTF8&amp;hq=&amp;hnear=B%C3%BCnaustra%C3%9Fe+2,+01159+Dresden&amp;t=m&amp;ll=51.043283,13.698535&amp;spn=0.009444,0.014806&amp;z=15&amp;output=embed\" width=\"345\" height=\"350\" frameborder=\"0\" marginwidth=\"0\" marginheight=\"0\" scrolling=\"no\"><\/iframe><br \/>\n<small><a style=\"color: #0000ff; text-align: left;\" href=\"https:\/\/maps.google.de\/maps?f=q&amp;source=embed&amp;hl=de&amp;geocode=&amp;q=B%C3%BCnaustra%C3%9Fe.+2+01159+Dresden&amp;aq=&amp;sll=51.011676,13.827742&amp;sspn=0.005596,0.016512&amp;ie=UTF8&amp;hq=&amp;hnear=B%C3%BCnaustra%C3%9Fe+2,+01159+Dresden&amp;t=m&amp;ll=51.043283,13.698535&amp;spn=0.009444,0.014806&amp;z=15\">Gr\u00f6\u00dfere Kartenansicht<\/a><\/small><\/td>\n<td style=\"width: 39.4048%;\"><a href=\"https:\/\/www.facebook.com\/profile.php?id=100063636410777\"><img decoding=\"async\" loading=\"lazy\" class=\"alignnone  wp-image-1229\" src=\"https:\/\/www.starschnitt.de\/wordpress\/wp-content\/uploads\/2024\/01\/Fb-300x300.png\" alt=\"\" width=\"51\" height=\"51\" srcset=\"https:\/\/www.starschnitt.de\/wordpress\/wp-content\/uploads\/2024\/01\/Fb-300x300.png 300w, https:\/\/www.starschnitt.de\/wordpress\/wp-content\/uploads\/2024\/01\/Fb-1024x1024.png 1024w, https:\/\/www.starschnitt.de\/wordpress\/wp-content\/uploads\/2024\/01\/Fb-150x150.png 150w, https:\/\/www.starschnitt.de\/wordpress\/wp-content\/uploads\/2024\/01\/Fb-768x768.png 768w, https:\/\/www.starschnitt.de\/wordpress\/wp-content\/uploads\/2024\/01\/Fb-600x600.png 600w, https:\/\/www.starschnitt.de\/wordpress\/wp-content\/uploads\/2024\/01\/Fb-1536x1536.png 1536w, https:\/\/www.starschnitt.de\/wordpress\/wp-content\/uploads\/2024\/01\/Fb.png 1600w\" sizes=\"(max-width: 51px) 100vw, 51px\" \/><\/a><a href=\"https:\/\/www.instagram.com\/starschnitt.dresden.lobtau\/\">\u00a0<img decoding=\"async\" loading=\"lazy\" class=\"alignnone  wp-image-1233\" src=\"https:\/\/www.starschnitt.de\/wordpress\/wp-content\/uploads\/2024\/01\/Insta-300x300.png\" alt=\"\" width=\"51\" height=\"51\" srcset=\"https:\/\/www.starschnitt.de\/wordpress\/wp-content\/uploads\/2024\/01\/Insta-300x300.png 300w, https:\/\/www.starschnitt.de\/wordpress\/wp-content\/uploads\/2024\/01\/Insta-1024x1024.png 1024w, https:\/\/www.starschnitt.de\/wordpress\/wp-content\/uploads\/2024\/01\/Insta-150x150.png 150w, https:\/\/www.starschnitt.de\/wordpress\/wp-content\/uploads\/2024\/01\/Insta-768x768.png 768w, https:\/\/www.starschnitt.de\/wordpress\/wp-content\/uploads\/2024\/01\/Insta-600x600.png 600w, https:\/\/www.starschnitt.de\/wordpress\/wp-content\/uploads\/2024\/01\/Insta.png 1080w\" sizes=\"(max-width: 51px) 100vw, 51px\" \/><\/a><\/td>\n<\/tr>\n<tr>\n<td style=\"width: 99.7619%;\" colspan=\"2\"><a href=\"https:\/\/www.starschnitt.de\/wordpress\/wp-content\/uploads\/2024\/01\/preise-ss-duh_aug23.png\"><img decoding=\"async\" loading=\"lazy\" class=\"size-large wp-image-1293 aligncenter\" src=\"https:\/\/www.starschnitt.de\/wordpress\/wp-content\/uploads\/2024\/01\/preise-ss-duh_aug23-679x1024.png\" alt=\"\" width=\"679\" height=\"1024\" srcset=\"https:\/\/www.starschnitt.de\/wordpress\/wp-content\/uploads\/2024\/01\/preise-ss-duh_aug23-679x1024.png 679w, https:\/\/www.starschnitt.de\/wordpress\/wp-content\/uploads\/2024\/01\/preise-ss-duh_aug23-199x300.png 199w, https:\/\/www.starschnitt.de\/wordpress\/wp-content\/uploads\/2024\/01\/preise-ss-duh_aug23-600x905.png 600w, https:\/\/www.starschnitt.de\/wordpress\/wp-content\/uploads\/2024\/01\/preise-ss-duh_aug23.png 697w\" sizes=\"(max-width: 679px) 100vw, 679px\" \/><\/a><\/td>\n<\/tr>\n<\/tbody>\n<\/table>\n","protected":false},"excerpt":{"rendered":"<p>Starschnitt DD L\u00f6btau B\u00fcnaustra\u00dfe. 2 01159 Dresden Telefon: 0351 \/ 4224798 \u00d6ffnungszeiten: Montag: geschlossen Dienstag bis Freitag: 9:00-18:00 Uhr Samstag: 8:00-13:00 Uhr Sonntag: geschlossen Gr\u00f6\u00dfere Kartenansicht \u00a0<\/p>\n<a class=\"more-link\" rel=\"nofollow\" href=\"https:\/\/www.starschnitt.de\/wordpress\/salons-ost\/dresden-loebtau\/\">[mehr...]<\/a>","protected":false},"author":2,"featured_media":0,"parent":121,"menu_order":0,"comment_status":"closed","ping_status":"closed","template":"","meta":[],"_links":{"self":[{"href":"https:\/\/www.starschnitt.de\/wordpress\/wp-json\/wp\/v2\/pages\/127"}],"collection":[{"href":"https:\/\/www.starschnitt.de\/wordpress\/wp-json\/wp\/v2\/pages"}],"about":[{"href":"https:\/\/www.starschnitt.de\/wordpress\/wp-json\/wp\/v2\/types\/page"}],"author":[{"embeddable":true,"href":"https:\/\/www.starschnitt.de\/wordpress\/wp-json\/wp\/v2\/users\/2"}],"replies":[{"embeddable":true,"href":"https:\/\/www.starschnitt.de\/wordpress\/wp-json\/wp\/v2\/comments?post=127"}],"version-history":[{"count":15,"href":"https:\/\/www.starschnitt.de\/wordpress\/wp-json\/wp\/v2\/pages\/127\/revisions"}],"predecessor-version":[{"id":1296,"href":"https:\/\/www.starschnitt.de\/wordpress\/wp-json\/wp\/v2\/pages\/127\/revisions\/1296"}],"up":[{"embeddable":true,"href":"https:\/\/www.starschnitt.de\/wordpress\/wp-json\/wp\/v2\/pages\/121"}],"wp:attachment":[{"href":"https:\/\/www.starschnitt.de\/wordpress\/wp-json\/wp\/v2\/media?parent=127"}],"curies":[{"name":"wp","href":"https:\/\/api.w.org\/{rel}","templated":true}]}}