{"id":123,"date":"2014-01-07T12:33:11","date_gmt":"2014-01-07T10:33:11","guid":{"rendered":"http:\/\/www.starschnitt.de\/wordpress\/?page_id=123"},"modified":"2024-01-24T12:46:36","modified_gmt":"2024-01-24T10:46:36","slug":"dresden-gruna","status":"publish","type":"page","link":"https:\/\/www.starschnitt.de\/wordpress\/salons-ost\/dresden-gruna\/","title":{"rendered":"Dresden Gruna"},"content":{"rendered":"<table border=\"0\" width=\"100%\" cellspacing=\"0\" cellpadding=\"0\">\n<tbody>\n<tr>\n<td><a href=\"https:\/\/www.starschnitt.de\/wordpress\/wp-content\/uploads\/2024\/01\/logo.jpg\"><img decoding=\"async\" loading=\"lazy\" class=\"size-medium wp-image-1227 aligncenter\" src=\"https:\/\/www.starschnitt.de\/wordpress\/wp-content\/uploads\/2024\/01\/logo-300x300.jpg\" alt=\"\" width=\"300\" height=\"300\" srcset=\"https:\/\/www.starschnitt.de\/wordpress\/wp-content\/uploads\/2024\/01\/logo-300x300.jpg 300w, https:\/\/www.starschnitt.de\/wordpress\/wp-content\/uploads\/2024\/01\/logo-1024x1024.jpg 1024w, https:\/\/www.starschnitt.de\/wordpress\/wp-content\/uploads\/2024\/01\/logo-150x150.jpg 150w, https:\/\/www.starschnitt.de\/wordpress\/wp-content\/uploads\/2024\/01\/logo-768x768.jpg 768w, https:\/\/www.starschnitt.de\/wordpress\/wp-content\/uploads\/2024\/01\/logo-600x600.jpg 600w, https:\/\/www.starschnitt.de\/wordpress\/wp-content\/uploads\/2024\/01\/logo.jpg 1080w\" sizes=\"(max-width: 300px) 100vw, 300px\" \/><\/a><\/td>\n<td>\n<h3 align=\"left\"><strong>Starschnitt DD &#8211; Gruna <\/strong><\/h3>\n<p align=\"left\">Zwinglistra\u00dfe 28, 01277 Dresden<\/p>\n<p align=\"left\">Telefon: 0351 \/ 8951546<\/p>\n<h3 align=\"left\">\u00d6ffnungszeiten:<\/h3>\n<ul>\n<li>Montag bis Freitag: 8:00 &#8211; 18:00 Uhr<\/li>\n<li>Samstag: 8:00 -13:00 Uhr<\/li>\n<li>Sonntag: geschlossen<\/li>\n<\/ul>\n<\/td>\n<\/tr>\n<tr>\n<td><iframe loading=\"lazy\" src=\"https:\/\/maps.google.de\/maps?f=q&amp;source=s_q&amp;hl=de&amp;geocode=&amp;q=dresden+Zwinglistra%C3%9Fe+28&amp;aq=&amp;sll=51.497763,7.008312&amp;sspn=0.011074,0.033023&amp;ie=UTF8&amp;hq=&amp;hnear=Zwinglistra%C3%9Fe+28,+01277+Dresden&amp;t=m&amp;ll=51.033595,13.78325&amp;spn=0.009446,0.014806&amp;z=15&amp;output=embed\" width=\"345\" height=\"350\" frameborder=\"0\" marginwidth=\"0\" marginheight=\"0\" scrolling=\"no\"><\/iframe><br \/>\n<small><a style=\"color: #0000ff; text-align: left;\" href=\"https:\/\/maps.google.de\/maps?f=q&amp;source=embed&amp;hl=de&amp;geocode=&amp;q=dresden+Zwinglistra%C3%9Fe+28&amp;aq=&amp;sll=51.497763,7.008312&amp;sspn=0.011074,0.033023&amp;ie=UTF8&amp;hq=&amp;hnear=Zwinglistra%C3%9Fe+28,+01277+Dresden&amp;t=m&amp;ll=51.033595,13.78325&amp;spn=0.009446,0.014806&amp;z=15\">Gr\u00f6\u00dfere Kartenansicht<\/a><\/small><\/td>\n<td><a href=\"https:\/\/www.facebook.com\/starschnitt.dresden.gruna\"><img decoding=\"async\" loading=\"lazy\" class=\"alignnone  wp-image-1229\" src=\"https:\/\/www.starschnitt.de\/wordpress\/wp-content\/uploads\/2024\/01\/Fb-300x300.png\" alt=\"\" width=\"38\" height=\"38\" srcset=\"https:\/\/www.starschnitt.de\/wordpress\/wp-content\/uploads\/2024\/01\/Fb-300x300.png 300w, https:\/\/www.starschnitt.de\/wordpress\/wp-content\/uploads\/2024\/01\/Fb-1024x1024.png 1024w, https:\/\/www.starschnitt.de\/wordpress\/wp-content\/uploads\/2024\/01\/Fb-150x150.png 150w, https:\/\/www.starschnitt.de\/wordpress\/wp-content\/uploads\/2024\/01\/Fb-768x768.png 768w, https:\/\/www.starschnitt.de\/wordpress\/wp-content\/uploads\/2024\/01\/Fb-600x600.png 600w, https:\/\/www.starschnitt.de\/wordpress\/wp-content\/uploads\/2024\/01\/Fb-1536x1536.png 1536w, https:\/\/www.starschnitt.de\/wordpress\/wp-content\/uploads\/2024\/01\/Fb.png 1600w\" sizes=\"(max-width: 38px) 100vw, 38px\" \/> \u00a0 \u00a0 \u00a0 \u00a0 \u00a0 \u00a0 \u00a0 \u00a0<\/a><a href=\"https:\/\/www.instagram.com\/starschnitt.gruna\/\"><img decoding=\"async\" loading=\"lazy\" class=\"wp-image-1233 alignnone\" src=\"https:\/\/www.starschnitt.de\/wordpress\/wp-content\/uploads\/2024\/01\/Insta-300x300.png\" alt=\"\" width=\"37\" height=\"37\" srcset=\"https:\/\/www.starschnitt.de\/wordpress\/wp-content\/uploads\/2024\/01\/Insta-300x300.png 300w, https:\/\/www.starschnitt.de\/wordpress\/wp-content\/uploads\/2024\/01\/Insta-1024x1024.png 1024w, https:\/\/www.starschnitt.de\/wordpress\/wp-content\/uploads\/2024\/01\/Insta-150x150.png 150w, https:\/\/www.starschnitt.de\/wordpress\/wp-content\/uploads\/2024\/01\/Insta-768x768.png 768w, https:\/\/www.starschnitt.de\/wordpress\/wp-content\/uploads\/2024\/01\/Insta-600x600.png 600w, https:\/\/www.starschnitt.de\/wordpress\/wp-content\/uploads\/2024\/01\/Insta.png 1080w\" sizes=\"(max-width: 37px) 100vw, 37px\" \/><\/a><\/td>\n<\/tr>\n<tr>\n<td colspan=\"2\"><a href=\"https:\/\/www.starschnitt.de\/wordpress\/wp-content\/uploads\/2024\/01\/preise-ss-duh_aug23.png\"><img decoding=\"async\" loading=\"lazy\" class=\"size-large wp-image-1293 aligncenter\" src=\"https:\/\/www.starschnitt.de\/wordpress\/wp-content\/uploads\/2024\/01\/preise-ss-duh_aug23-679x1024.png\" alt=\"\" width=\"679\" height=\"1024\" srcset=\"https:\/\/www.starschnitt.de\/wordpress\/wp-content\/uploads\/2024\/01\/preise-ss-duh_aug23-679x1024.png 679w, https:\/\/www.starschnitt.de\/wordpress\/wp-content\/uploads\/2024\/01\/preise-ss-duh_aug23-199x300.png 199w, https:\/\/www.starschnitt.de\/wordpress\/wp-content\/uploads\/2024\/01\/preise-ss-duh_aug23-600x905.png 600w, https:\/\/www.starschnitt.de\/wordpress\/wp-content\/uploads\/2024\/01\/preise-ss-duh_aug23.png 697w\" sizes=\"(max-width: 679px) 100vw, 679px\" \/><\/a><\/td>\n<\/tr>\n<\/tbody>\n<\/table>\n","protected":false},"excerpt":{"rendered":"<p>Starschnitt DD &#8211; Gruna Zwinglistra\u00dfe 28, 01277 Dresden Telefon: 0351 \/ 8951546 \u00d6ffnungszeiten: Montag bis Freitag: 8:00 &#8211; 18:00 Uhr Samstag: 8:00 -13:00 Uhr Sonntag: geschlossen Gr\u00f6\u00dfere Kartenansicht \u00a0 \u00a0 \u00a0 \u00a0 \u00a0 \u00a0 \u00a0 \u00a0<\/p>\n<a class=\"more-link\" rel=\"nofollow\" href=\"https:\/\/www.starschnitt.de\/wordpress\/salons-ost\/dresden-gruna\/\">[mehr...]<\/a>","protected":false},"author":2,"featured_media":0,"parent":121,"menu_order":0,"comment_status":"closed","ping_status":"closed","template":"","meta":[],"_links":{"self":[{"href":"https:\/\/www.starschnitt.de\/wordpress\/wp-json\/wp\/v2\/pages\/123"}],"collection":[{"href":"https:\/\/www.starschnitt.de\/wordpress\/wp-json\/wp\/v2\/pages"}],"about":[{"href":"https:\/\/www.starschnitt.de\/wordpress\/wp-json\/wp\/v2\/types\/page"}],"author":[{"embeddable":true,"href":"https:\/\/www.starschnitt.de\/wordpress\/wp-json\/wp\/v2\/users\/2"}],"replies":[{"embeddable":true,"href":"https:\/\/www.starschnitt.de\/wordpress\/wp-json\/wp\/v2\/comments?post=123"}],"version-history":[{"count":16,"href":"https:\/\/www.starschnitt.de\/wordpress\/wp-json\/wp\/v2\/pages\/123\/revisions"}],"predecessor-version":[{"id":1294,"href":"https:\/\/www.starschnitt.de\/wordpress\/wp-json\/wp\/v2\/pages\/123\/revisions\/1294"}],"up":[{"embeddable":true,"href":"https:\/\/www.starschnitt.de\/wordpress\/wp-json\/wp\/v2\/pages\/121"}],"wp:attachment":[{"href":"https:\/\/www.starschnitt.de\/wordpress\/wp-json\/wp\/v2\/media?parent=123"}],"curies":[{"name":"wp","href":"https:\/\/api.w.org\/{rel}","templated":true}]}}